s the greatest common divisor of g and n?
45
Suppose 0 = 18*x + 29 - 389. What is the highest common factor of 50 and x?
10
Let r(a) = 6 + 4*a + 8 + 4. Let q be r(4). Calculate the greatest common divisor of 136 and q.
34
Suppose 2*f = -1 + 13. Suppose -3*z - f*z + 405 = 0. What is the highest common factor of 5 and z?
5
Let r(z) = -8. Let i be 2/(22/(-6) - -3). Let b(t) = t. Let s(q) = i*b(q) + r(q). Let d be s(-6). What is the highest common factor of 20 and d?
10
Let y be (15/(-9))/(110/(-1584)). What is the greatest common factor of y and 636?
12
Let d(w) = -w**2 - 57*w - 64. Let l be d(-51). What is the highest common factor of l and 2?
2
Suppose 5*o - 53 - 33 = -w, -2*o = 3*w - 37. Suppose -1 = -z + o. What is the highest common divisor of z and 6?
6
Suppose 0 = -30*f + 25*f + 15. Suppose f = -a + 38. Calculate the highest common divisor of 70 and a.
35
Suppose 5*u = 109 - 4. Let s(v) = 15*v + 6. Let h be s(8). What is the greatest common divisor of u and h?
21
Let q(n) = -n + 25. Let a be q(16). Suppose 7*x = a*x - 96. What is the highest common divisor of 72 and x?
24
Suppose -52*c + 24360 = -28*c. Calculate the greatest common factor of c and 35.
35
Let x = 1204 - 1197. Let v be -2 + (-1 - -24 - 0). What is the highest common factor of x and v?
7
Let q = -8 + 14. Let d = 13303 - 13300. What is the greatest common divisor of q and d?
3
Suppose k - 2040 = -14*k. What is the highest common divisor of 8 and k?
8
Suppose 0 = 12*q + q - 4264. Calculate the highest common divisor of 41 and q.
41
Let f = 12 + -11. Suppose x + 5*x - 48 = 0. What is the highest common divisor of f and x?
1
Let u be 65/(-1)*(1 + -2). Let j(n) = n**3 + 6*n**2 - 8*n + 19. Let t be j(-7). What is the highest common factor of u and t?
13
Let s(z) = -z + 13. Let m be s(9). Let n = 19 - 17. Suppose -3*r - 14 = -n*l, -3*l - 2*r + 1 + 7 = 0. Calculate the greatest common divisor of m and l.
4
Let w = -22 + 16. Let s be (w/5)/((-3)/10). Suppose 13 = f + s. What is the highest common factor of f and 63?
9
Let w = 55 + -43. Let s = -22 + 58. Calculate the greatest common factor of w and s.
12
Let f = -113 + 104. Let s be 18/(-9) - (f + -1). Calculate the highest common divisor of 12 and s.
4
Let u = 21 + -16. Suppose d = 3*o - u - 1, -5*o - 3*d = -24. Let k = o + 2. What is the greatest common factor of k and 35?
5
Suppose -3*z + 8*z - 260 = 0. What is the highest common factor of z and 117?
13
Suppose r + a - 385 = 0, 4*r - 1545 = -10*a + 5*a. Calculate the greatest common divisor of r and 20.
20
Let w be (0 + 2 + -1)*-8. Let v be (-558)/w - (-1)/4. Suppose -8*j - 36 = -14*j + 48. Calculate the greatest common divisor of j and v.
14
Let g be 1/2 - (314/(-4) + -3). Let s be ((-5)/2 - -2)*-6. Suppose -s*x + 3*d = 2*d - 233, 4*d - g = -x. What is the greatest common divisor of 26 and x?
26
Let d(b) = 3*b**3 + 24*b**2 - 180*b - 5. Let j be d(6). Calculate the greatest common divisor of 122 and j.
61
Let i = -370 - -382. What is the greatest common divisor of 732 and i?
12
Suppose -7*j - 13 = -8*j. Calculate the greatest common divisor of j and 4.
1
Let q(a) = a**3 + 11*a**2 - 17*a - 11. Let j be q(-12). Let k = 70 - j. What is the highest common divisor of k and 147?
21
Let j be 132/(-2)*429/(-66). Calculate the greatest common factor of j and 26.
13
Let b(f) = 2*f**2 - 29*f + 88. Let m be b(20). What is the highest common divisor of 28 and m?
28
Let c(i) = i**3 - 19*i**2 + 17*i + 17. Let f be c(18). Let m be 81 - (-5 - f)*-1. Calculate the highest common factor of m and 7.
7
Let h = -225 - -282. What is the greatest common factor of h and 6?
3
Let r = 5 + 13. Let a be 3 + (-3 - -2 - -10). What is the greatest common factor of r and a?
6
Let z(f) = -35*f + 293. Let x be z(8). Let k = 234 + -130. Calculate the greatest common divisor of k and x.
13
Suppose -2*z + 168 = -0*p - p, 0 = -2*z - 4*p + 178. Suppose 7*s = 2*s + z. What is the greatest common divisor of 119 and s?
17
Let q(u) = -u**2 - 14*u - 21. Let c be q(-11). Suppose c*t - 2 = 10*t. Suppose 54 = 4*s + 18. Calculate the greatest common factor of s and t.
1
Let u be 2/(-13) + (-84)/(-39). Suppose -112 = -4*a - u*v, 3*v + 16 + 40 = 2*a. Calculate the highest common divisor of 7 and a.
7
Suppose -2*c + 9 = -1. Suppose 4*d - 1386 = -c*d. Calculate the highest common factor of d and 14.
14
Suppose 4*y + 5*m = 68, 18 - 92 = -3*y + 2*m. What is the greatest common factor of y and 44?
22
Suppose 51 = 8*k - 109. Calculate the highest common divisor of 810 and k.
10
Let u be ((-91)/(-3) + 1)/((-2)/9). Let g = u - -144. What is the highest common divisor of g and 2?
1
Let n = -13 + 4. Let h(v) = v**3 + 8*v**2 - 11*v + 7. Let o be h(n). What is the greatest common divisor of 5 and o?
5
Let y be (4/(-10)*-5)/(1/2). Let c be y/6 - (-9)/((-81)/(-12)). What is the highest common factor of c and 2?
2
Let y(h) = -h**3 + 9*h**2 - h + 15. Let l be y(9). What is the highest common factor of 46 and l?
2
Let n(r) = -5*r**2 - r + 12. Let m(s) = 6*s**2 + s - 11. Let a(v) = -4*m(v) - 5*n(v). Let u be a(-6). What is the greatest common divisor of u and 42?
14
Let n(r) = -3*r - 18. Let b be n(-8). Let d be ((-2)/4)/(2/(-4)). Let x be b/d - (-8 + 7). Calculate the greatest common factor of x and 49.
7
Let y = -828 - -853. Calculate the highest common factor of 45 and y.
5
Let t = -48 - 76. Let j = t + 138. What is the highest common divisor of j and 21?
7
Let o(v) = -6*v**2 - 16*v + 12. Let t(a) = -5*a**2 - 17*a + 13. Let u(w) = 4*o(w) - 5*t(w). Let c be u(-22). Calculate the highest common factor of c and 5.
5
Let z = -48 + 42. Let y be 2*-5*3/z. What is the highest common divisor of y and 5?
5
Let i = 20 + -11. Let t(o) = o**3 - 3*o**2 + 6*o + 1. Let r be t(5). Calculate the highest common divisor of r and i.
9
Let a(g) = -71*g - 1. Let b be a(-1). Suppose -7*u + 20 = -3*u. Suppose f + u*o = 28, 3*o = -f + 6*f - 140. Calculate the greatest common factor of b and f.
14
Suppose 3*g - 2*y = 4079, -393*y = -4*g - 397*y + 5432. Calculate the greatest common factor of 9 and g.
9
Let t(l) = -5*l - 94. Let f be t(-22). Calculate the greatest common divisor of f and 200.
8
Suppose 38*g - 4 = 37*g. Suppose -3*f = 4*x - 267 - 599, f - 278 = g*x. Calculate the greatest common factor of f and 26.
26
Let l be -5*((-4)/10 - 2). What is the highest common divisor of l and 21?
3
Let r = 21 - 17. Suppose y = r*z + 147, -6*z + 2*z - 150 = -2*y. Let x be z/(-4 + 3)*3. What is the highest common divisor of x and 12?
12
Let x(w) = -11*w - 180. Let h be x(-17). Calculate the highest common factor of 847 and h.
7
Let d be (-1 + 0)/(-5 - 2322/(-465)). Let w = -147 + d. What is the highest common divisor of w and 16?
8
Suppose 4*r + s + 2*s + 14 = 0, 5*r + s + 12 = 0. Let d be (6 - 0)/((-3)/r). Let o be 148/18 - 6/(-216)*-8. What is the greatest common divisor of o and d?
4
Let s(u) = -66*u + 344. Let h be s(5). What is the greatest common divisor of h and 217?
7
Let a be (-12)/(-10)*(-280)/(-6). Suppose 16*c - 83 = 61. Suppose c*i = 7*i + a. Calculate the highest common divisor of 28 and i.
28
Let f be (-8)/(-14)*35/10. Suppose 0 = 2*z - 3*m + 5 - 6, f*m - 2 = 0. Suppose -z*y = y - 759. What is the highest common factor of y and 23?
23
Let m be (162/24)/(1/4). Let r = m + -10. Let n be (-3)/15 + 936/5. What is the highest common divisor of r and n?
17
Suppose 3*o + 4*q = 31, -o - 4*o + 5*q = -5. Suppose -2*m + 4 = 0, o*j - 5*m = -3*m + 66. Calculate the greatest common factor of j and 126.
14
Suppose 212 = 4*y - 5*t, 0 = y + 4*y - 4*t - 274. Calculate the greatest common factor of y and 2.
2
Suppose -3*b + 186 = -v - 2*v, 3*v = b - 56. Calculate the greatest common factor of b and 39.
13
Let q be -2 - ((-2)/1 - 54). Suppose -250 = -2*c + q. Let a(k) = k**2 - k - 11. Let x be a(-5). Calculate the highest common divisor of c and x.
19
Let l = 40 - 30. Let x be 3/2 - (-1)/2. Suppose 2*o + 3*d - 134 = 5*d, 2*d - 146 = -x*o. Calculate the highest common divisor of o and l.
10
Let p = 508 - 68. Suppose 5*y + 5*k + p = 0, -4*k + 45 = -3*y - 240. Let q = 141 + y. Calculate the highest common divisor of q and 75.
25
Let d = 16 - 49. Let p = 55 + d. What is the greatest common factor of 55 and p?
11
Suppose 8*k + 50 = 6*k. Let s = k - -35. What is the highest common divis